{"id":848,"date":"2023-11-03T09:21:42","date_gmt":"2023-11-03T08:21:42","guid":{"rendered":"https:\/\/www.authomath.org\/?page_id=848"},"modified":"2023-11-03T09:21:42","modified_gmt":"2023-11-03T08:21:42","slug":"universidad-de-edimburgo-reino-unido","status":"publish","type":"page","link":"https:\/\/www.authomath.org\/?page_id=848&lang=es","title":{"rendered":"Universidad de Edimburgo (Reino Unido)"},"content":{"rendered":"\n<p><strong>Qui\u00e9nes somos<\/strong><\/p>\n\n\n\n<div class=\"wp-block-group is-nowrap is-layout-flex wp-container-core-group-is-layout-ad2f72ca wp-block-group-is-layout-flex\">\n<figure class=\"wp-block-image size-full is-resized\"><img loading=\"lazy\" decoding=\"async\" width=\"300\" height=\"300\" src=\"https:\/\/www.authomath.org\/wp-content\/uploads\/2023\/06\/Head.png\" alt=\"\" class=\"wp-image-408\" style=\"width:92px;height:92px\" srcset=\"https:\/\/www.authomath.org\/wp-content\/uploads\/2023\/06\/Head.png 300w, https:\/\/www.authomath.org\/wp-content\/uploads\/2023\/06\/Head-150x150.png 150w, https:\/\/www.authomath.org\/wp-content\/uploads\/2023\/06\/Head-100x100.png 100w\" sizes=\"auto, (max-width: 300px) 100vw, 300px\" \/><\/figure>\n\n\n\n<p>Chris Sangwin<br>Catedr\u00e1tico de Educaci\u00f3n Matem\u00e1tica<br>C\u00e1tedra de Ense\u00f1anza de las Ciencias con Tecnolog\u00eda<\/p>\n<\/div>\n\n\n\n<p><\/p>\n\n\n\n<p>Dr. George Kinnear <br>Lector en la Escuela de Matem\u00e1ticas<\/p>\n\n\n\n<div class=\"wp-block-group is-nowrap is-layout-flex wp-container-core-group-is-layout-ad2f72ca wp-block-group-is-layout-flex\">\n<figure class=\"wp-block-image size-large is-resized\"><img loading=\"lazy\" decoding=\"async\" width=\"1016\" height=\"1024\" src=\"https:\/\/www.authomath.org\/wp-content\/uploads\/2023\/10\/KZerva-1016x1024.jpg\" alt=\"\" class=\"wp-image-729\" style=\"aspect-ratio:0.9921875;width:92px;height:auto\" srcset=\"https:\/\/www.authomath.org\/wp-content\/uploads\/2023\/10\/KZerva-1016x1024.jpg 1016w, https:\/\/www.authomath.org\/wp-content\/uploads\/2023\/10\/KZerva-298x300.jpg 298w, https:\/\/www.authomath.org\/wp-content\/uploads\/2023\/10\/KZerva-150x150.jpg 150w, https:\/\/www.authomath.org\/wp-content\/uploads\/2023\/10\/KZerva-768x774.jpg 768w, https:\/\/www.authomath.org\/wp-content\/uploads\/2023\/10\/KZerva-1525x1536.jpg 1525w, https:\/\/www.authomath.org\/wp-content\/uploads\/2023\/10\/KZerva-100x100.jpg 100w, https:\/\/www.authomath.org\/wp-content\/uploads\/2023\/10\/KZerva.jpg 2000w\" sizes=\"auto, (max-width: 706px) 89vw, (max-width: 767px) 82vw, 740px\" \/><\/figure>\n\n\n\n<p>Dra. Konstantina Zerva<br>T\u00e9cnico de Aprendizaje en la Escuela de Matem\u00e1ticas<\/p>\n<\/div>\n\n\n\n<p><\/p>\n\n\n\n<p><strong>Qu\u00e9 hacemos<\/strong><\/p>\n\n\n\n<p>organizaci\u00f3n e instrucci\u00f3n de programadores para el c\u00f3digo AuTo<\/p>\n\n\n\n<p><strong>Lo que hemos conseguido hasta ahora<\/strong><\/p>\n\n\n\n<p>hemos proporcionado toda la codificaci\u00f3n t\u00e9cnica necesaria para el primer borrador, al tiempo que hemos invitado a todos los socios a contribuir a especificar los requisitos did\u00e1cticos<\/p>\n","protected":false},"excerpt":{"rendered":"<p>Qui\u00e9nes somos Chris SangwinCatedr\u00e1tico de Educaci\u00f3n Matem\u00e1ticaC\u00e1tedra de Ense\u00f1anza de las Ciencias con Tecnolog\u00eda Dr. George Kinnear Lector en la Escuela de Matem\u00e1ticas Dra. Konstantina ZervaT\u00e9cnico de Aprendizaje en la Escuela de Matem\u00e1ticas Qu\u00e9 hacemos organizaci\u00f3n e instrucci\u00f3n de programadores para el c\u00f3digo AuTo Lo que hemos conseguido hasta ahora hemos proporcionado toda la codificaci\u00f3n &hellip; <\/p>\n<p class=\"link-more\"><a href=\"https:\/\/www.authomath.org\/?page_id=848&#038;lang=es\" class=\"more-link\">Continue reading<span class=\"screen-reader-text\"> &#8220;Universidad de Edimburgo (Reino Unido)&#8221;<\/span><\/a><\/p>\n","protected":false},"author":3,"featured_media":0,"parent":0,"menu_order":0,"comment_status":"closed","ping_status":"closed","template":"","meta":{"footnotes":""},"class_list":["post-848","page","type-page","status-publish","hentry"],"_links":{"self":[{"href":"https:\/\/www.authomath.org\/index.php?rest_route=\/wp\/v2\/pages\/848","targetHints":{"allow":["GET"]}}],"collection":[{"href":"https:\/\/www.authomath.org\/index.php?rest_route=\/wp\/v2\/pages"}],"about":[{"href":"https:\/\/www.authomath.org\/index.php?rest_route=\/wp\/v2\/types\/page"}],"author":[{"embeddable":true,"href":"https:\/\/www.authomath.org\/index.php?rest_route=\/wp\/v2\/users\/3"}],"replies":[{"embeddable":true,"href":"https:\/\/www.authomath.org\/index.php?rest_route=%2Fwp%2Fv2%2Fcomments&post=848"}],"version-history":[{"count":3,"href":"https:\/\/www.authomath.org\/index.php?rest_route=\/wp\/v2\/pages\/848\/revisions"}],"predecessor-version":[{"id":854,"href":"https:\/\/www.authomath.org\/index.php?rest_route=\/wp\/v2\/pages\/848\/revisions\/854"}],"wp:attachment":[{"href":"https:\/\/www.authomath.org\/index.php?rest_route=%2Fwp%2Fv2%2Fmedia&parent=848"}],"curies":[{"name":"wp","href":"https:\/\/api.w.org\/{rel}","templated":true}]}}