{"id":863,"date":"2023-11-03T09:25:09","date_gmt":"2023-11-03T08:25:09","guid":{"rendered":"https:\/\/www.authomath.org\/?page_id=863"},"modified":"2024-07-20T14:53:23","modified_gmt":"2024-07-20T13:53:23","slug":"el-proyecto","status":"publish","type":"page","link":"https:\/\/www.authomath.org\/?page_id=863&lang=es","title":{"rendered":"El proyecto"},"content":{"rendered":"\n<div class=\"wp-block-columns is-layout-flex wp-container-core-columns-is-layout-9d6595d7 wp-block-columns-is-layout-flex\">\n<div class=\"wp-block-column is-layout-flow wp-block-column-is-layout-flow\" style=\"flex-basis:66.66%\">\n<p>GeoGebra destaca por su capacidad para crear applets matem\u00e1ticos din\u00e1micos, interactivos y multimodales, siendo ampliamente empleado en la ense\u00f1anza de matem\u00e1ticas de nivel secundario. Por otro lado, STACK se distingue por su potencia para generar tareas aleatorias con retroalimentaci\u00f3n adaptativa, y se utiliza especialmente en la ense\u00f1anza de las matem\u00e1ticas universitarias.<\/p>\n<\/div>\n\n\n\n<div class=\"wp-block-column is-layout-flow wp-block-column-is-layout-flow\" style=\"flex-basis:33.33%\">\n<figure class=\"wp-block-image size-large\"><a href=\"https:\/\/www.authomath.org\/wp-content\/uploads\/2022\/12\/example01.png\"><img loading=\"lazy\" decoding=\"async\" width=\"764\" height=\"1024\" src=\"https:\/\/www.authomath.org\/wp-content\/uploads\/2022\/12\/example01-764x1024.png\" alt=\"\" class=\"wp-image-198\" srcset=\"https:\/\/www.authomath.org\/wp-content\/uploads\/2022\/12\/example01-764x1024.png 764w, https:\/\/www.authomath.org\/wp-content\/uploads\/2022\/12\/example01-224x300.png 224w, https:\/\/www.authomath.org\/wp-content\/uploads\/2022\/12\/example01-768x1029.png 768w, https:\/\/www.authomath.org\/wp-content\/uploads\/2022\/12\/example01-1146x1536.png 1146w, https:\/\/www.authomath.org\/wp-content\/uploads\/2022\/12\/example01.png 1314w\" sizes=\"auto, (max-width: 706px) 89vw, (max-width: 767px) 82vw, 740px\" \/><\/a><\/figure>\n<\/div>\n<\/div>\n\n\n\n<div class=\"wp-block-columns is-layout-flex wp-container-core-columns-is-layout-9d6595d7 wp-block-columns-is-layout-flex\">\n<div class=\"wp-block-column is-layout-flow wp-block-column-is-layout-flow\" style=\"flex-basis:33.33%\">\n<figure class=\"wp-block-image size-large\"><a href=\"https:\/\/www.authomath.org\/wp-content\/uploads\/2022\/12\/example02.png\"><img loading=\"lazy\" decoding=\"async\" width=\"454\" height=\"1024\" src=\"https:\/\/www.authomath.org\/wp-content\/uploads\/2022\/12\/example02-454x1024.png\" alt=\"\" class=\"wp-image-200\" srcset=\"https:\/\/www.authomath.org\/wp-content\/uploads\/2022\/12\/example02-454x1024.png 454w, https:\/\/www.authomath.org\/wp-content\/uploads\/2022\/12\/example02-133x300.png 133w, https:\/\/www.authomath.org\/wp-content\/uploads\/2022\/12\/example02-768x1734.png 768w, https:\/\/www.authomath.org\/wp-content\/uploads\/2022\/12\/example02.png 873w\" sizes=\"auto, (max-width: 454px) 100vw, 454px\" \/><\/a><\/figure>\n<\/div>\n\n\n\n<div class=\"wp-block-column is-layout-flow wp-block-column-is-layout-flow\" style=\"flex-basis:66.66%\">\n<p>El proyecto Erasmus AuthOMath (2022 &#8211; 2024) pretende combinar los puntos fuertes de ambos sistemas en una herramienta de autor que tenga un potencial de digitalizaci\u00f3n transformador para la ense\u00f1anza de las matem\u00e1ticas.<\/p>\n<\/div>\n<\/div>\n\n\n\n<p>Se alcanzaron tres objetivos:<\/p>\n\n\n\n<h6 class=\"wp-block-heading\">1. <a href=\"https:\/\/www.authomath.org\/?page_id=904&amp;lang=es\">AuTo<\/a><\/h6>\n\n\n\n<p>Permitir una f\u00e1cil implementaci\u00f3n de una tarea matem\u00e1tica en STACK que involucre  retroalimentaci\u00f3n y applets de GeoGebra.<\/p>\n\n\n\n<h6 class=\"wp-block-heading\">2. <a href=\"https:\/\/www.authomath.org\/?page_id=898&amp;lang=es\">DiCo<\/a><\/h6>\n\n\n\n<p>Proporcionar un concepto did\u00e1ctico para el dise\u00f1o de tareas matem\u00e1ticas digitales interactivas y multimodales con  retroalimentaci\u00f3n adaptativa.<\/p>\n\n\n\n<h6 class=\"wp-block-heading\">3. AuthOMath<\/h6>\n\n\n\n<p>Proporcionar una plataforma en l\u00ednea para el dise\u00f1o de tareas matem\u00e1ticas digitales para su uso en la formaci\u00f3n del profesorado.<\/p>\n","protected":false},"excerpt":{"rendered":"<p>GeoGebra destaca por su capacidad para crear applets matem\u00e1ticos din\u00e1micos, interactivos y multimodales, siendo ampliamente empleado en la ense\u00f1anza de matem\u00e1ticas de nivel secundario. Por otro lado, STACK se distingue por su potencia para generar tareas aleatorias con retroalimentaci\u00f3n adaptativa, y se utiliza especialmente en la ense\u00f1anza de las matem\u00e1ticas universitarias. El proyecto Erasmus AuthOMath &hellip; <\/p>\n<p class=\"link-more\"><a href=\"https:\/\/www.authomath.org\/?page_id=863&#038;lang=es\" class=\"more-link\">Continue reading<span class=\"screen-reader-text\"> &#8220;El proyecto&#8221;<\/span><\/a><\/p>\n","protected":false},"author":3,"featured_media":0,"parent":0,"menu_order":0,"comment_status":"closed","ping_status":"closed","template":"","meta":{"footnotes":""},"class_list":["post-863","page","type-page","status-publish","hentry"],"_links":{"self":[{"href":"https:\/\/www.authomath.org\/index.php?rest_route=\/wp\/v2\/pages\/863","targetHints":{"allow":["GET"]}}],"collection":[{"href":"https:\/\/www.authomath.org\/index.php?rest_route=\/wp\/v2\/pages"}],"about":[{"href":"https:\/\/www.authomath.org\/index.php?rest_route=\/wp\/v2\/types\/page"}],"author":[{"embeddable":true,"href":"https:\/\/www.authomath.org\/index.php?rest_route=\/wp\/v2\/users\/3"}],"replies":[{"embeddable":true,"href":"https:\/\/www.authomath.org\/index.php?rest_route=%2Fwp%2Fv2%2Fcomments&post=863"}],"version-history":[{"count":12,"href":"https:\/\/www.authomath.org\/index.php?rest_route=\/wp\/v2\/pages\/863\/revisions"}],"predecessor-version":[{"id":2289,"href":"https:\/\/www.authomath.org\/index.php?rest_route=\/wp\/v2\/pages\/863\/revisions\/2289"}],"wp:attachment":[{"href":"https:\/\/www.authomath.org\/index.php?rest_route=%2Fwp%2Fv2%2Fmedia&parent=863"}],"curies":[{"name":"wp","href":"https:\/\/api.w.org\/{rel}","templated":true}]}}