{"id":973,"date":"2023-11-03T09:59:53","date_gmt":"2023-11-03T08:59:53","guid":{"rendered":"https:\/\/www.authomath.org\/?page_id=973"},"modified":"2024-07-20T09:46:45","modified_gmt":"2024-07-20T08:46:45","slug":"tinker-try-use","status":"publish","type":"page","link":"https:\/\/www.authomath.org\/?page_id=973","title":{"rendered":"Try, Tinker, Use"},"content":{"rendered":"\n<p id=\"yui_3_17_2_1_1696840092384_721\">W\u00e4hlen Sie aus:<\/p>\n\n\n\n<ol class=\"wp-block-list\" id=\"yui_3_17_2_1_1696840092384_782\">\n<li>Klicken Sie auf<strong> <a href=\"https:\/\/www.authomath.org\/?page_id=25\">Inform<\/a>, <\/strong>um ausf\u00fchrliche Informationen \u00fcber die Ziele, Aktivit\u00e4ten und Personen von AuthOMath zu erhalten.<\/li>\n\n\n\n<li>Klicken Sie auf<strong> <a href=\"hhttps:\/\/stack.authomath.org\">Try<\/a>, <\/strong>um digitale Matheaufgaben auszuprobieren, die mit Authomath m\u00f6glich sind.<\/li>\n\n\n\n<li>Klicken Sie auf <strong><a href=\"https:\/\/stack.authomath.org\">Tinker<\/a><\/strong>, um Ihre ersten eigenen digitalen Matheaufgaben zu programmieren.<\/li>\n\n\n\n<li>Warten Sie auf <strong><a href=\"https:\/\/stack.authomath.org\">Use<\/a><\/strong> f\u00fcr Tutorien, die Sie in der Mathematiklehrerausbildung verwenden k\u00f6nnen.<\/li>\n\n\n\n<li>Klicken Sie auf<strong> <a href=\"https:\/\/stack-assessment.org\/GetStarted\/\" data-type=\"link\" data-id=\"https:\/\/stack-assessment.org\/GetStarted\/\">Create<\/a>, <\/strong>mit Informationen, wie Sie Ihren eigenen STACK-Server mit AuthOMath einrichten k\u00f6nnen.<\/li>\n<\/ol>\n","protected":false},"excerpt":{"rendered":"<p>W\u00e4hlen Sie aus:<\/p>\n","protected":false},"author":1,"featured_media":0,"parent":0,"menu_order":0,"comment_status":"closed","ping_status":"closed","template":"","meta":{"footnotes":""},"class_list":["post-973","page","type-page","status-publish","hentry"],"_links":{"self":[{"href":"https:\/\/www.authomath.org\/index.php?rest_route=\/wp\/v2\/pages\/973","targetHints":{"allow":["GET"]}}],"collection":[{"href":"https:\/\/www.authomath.org\/index.php?rest_route=\/wp\/v2\/pages"}],"about":[{"href":"https:\/\/www.authomath.org\/index.php?rest_route=\/wp\/v2\/types\/page"}],"author":[{"embeddable":true,"href":"https:\/\/www.authomath.org\/index.php?rest_route=\/wp\/v2\/users\/1"}],"replies":[{"embeddable":true,"href":"https:\/\/www.authomath.org\/index.php?rest_route=%2Fwp%2Fv2%2Fcomments&post=973"}],"version-history":[{"count":8,"href":"https:\/\/www.authomath.org\/index.php?rest_route=\/wp\/v2\/pages\/973\/revisions"}],"predecessor-version":[{"id":2251,"href":"https:\/\/www.authomath.org\/index.php?rest_route=\/wp\/v2\/pages\/973\/revisions\/2251"}],"wp:attachment":[{"href":"https:\/\/www.authomath.org\/index.php?rest_route=%2Fwp%2Fv2%2Fmedia&parent=973"}],"curies":[{"name":"wp","href":"https:\/\/api.w.org\/{rel}","templated":true}]}}